 u + 3. Calculate the remainder when j(-2) is divided by 22.
19
Suppose 0*b + 152 = 5*b - 3*f, 0 = -3*b - f + 80. What is the remainder when b is divided by 10?
8
Calculate the remainder when 22 is divided by ((-64)/(-20))/(-4)*-15.
10
Let d(g) = 2*g**3 - g**2 + g + 62. Calculate the remainder when d(0) is divided by 16.
14
Let v = 157 + -131. Let c = 0 + 7. Calculate the remainder when v is divided by c.
5
Suppose -23*o = -27*o + 420. Let m = 15 - -12. What is the remainder when o is divided by m?
24
Suppose -5*j - 2*s - 12 = -46, 4*j + 3*s = 23. Let c(y) = -y**2 - 1 + j*y - 1 - 1. Calculate the remainder when 26 is divided by c(6).
8
Suppose -4*o - o + 10 = 0. Let f(p) = p**3 - 3*p + 1. Let j be f(o). What is the remainder when 2 is divided by 1/j + 4/6?
0
Let r be (-2)/(-8) - (-463)/4. Suppose 26 - r = -3*t. Let i(y) = -y**3 + 8*y**2 - 4*y - 5. Calculate the remainder when t is divided by i(7).
14
Suppose -48 = 2*n + 2*n. Let o be (-280)/n + 4/6. What is the remainder when 14 is divided by (-62)/(-8) + 6/o?
6
Suppose -4*z - 2*q + 3 = 1, 0 = q + 3. Suppose 28*p + 15 - 99 = 0. Calculate the remainder when p is divided by z.
1
Let h(c) = -9*c - 2. Suppose 4*p = 3*g + 125, -2*p - 3*g = -g - 52. What is the remainder when p is divided by h(-2)?
13
Let o = 16 + 1. What is the remainder when 28 is divided by o?
11
Let q(y) = y**2 + y - 5. Let v be q(0). Let b(h) = -h - 4. Suppose -3 - 2 = -5*u. Calculate the remainder when b(v) is divided by u.
0
Calculate the remainder when 28 is divided by (-198)/(-27) - 2/(-3)*1.
4
Suppose 11 = -l - 3*w, l - 3*l + 13 = -w. Suppose 0 = l*b - 0*b + 196. Let a = 0 - b. Calculate the remainder when a is divided by 17.
15
Let y = 17 - 9. Suppose -3*g - 26 = -4*l, -g - 3*g = -y. Calculate the remainder when 13 is divided by l.
5
Let j(x) = -2*x - 11. Let g be j(-8). Let p(r) = -r**2 + 6*r. Let w = -44 - -52. What is the remainder when w is divided by p(g)?
3
Suppose 3*l - 5 = -t - 0, 5*t = l + 9. Let d = t + 2. What is the remainder when 6 is divided by d?
2
Suppose q = -3*j + 3*q + 44, -3*j + 16 = 5*q. Calculate the remainder when 45 is divided by j.
9
Suppose -3*m = -4*u - 47, -3*u + 8*u + 46 = 3*m. Suppose -29 = -0*o + o. Let x = 78 + o. What is the remainder when x is divided by m?
15
Let c = -23 + 145. What is the remainder when c is divided by 41?
40
Let k be (-86)/(-6) - 32/24. What is the remainder when 44 is divided by (6/3 - 0) + k?
14
Let n(u) = u**2 - 7*u + 44. What is the remainder when 128 is divided by n(7)?
40
Suppose r = -5*f + 22, 0 = r - 0*f + 4*f - 23. What is the remainder when 51 is divided by r?
24
Let h(x) = -5*x - 100. What is the remainder when h(-26) is divided by 9?
3
Suppose 7*a - 57 = 4*a. Calculate the remainder when a is divided by 7.
5
Let n(c) = 30*c**2 + c - 1. Calculate the remainder when n(1) is divided by 16.
14
Let y be 16/(-6)*6/(-4). Suppose 3*i + 19 = 2*b, -2*i + 8 + 22 = y*b. Calculate the remainder when 21 is divided by b.
5
Let r(n) be the first derivative of n**3/3 + n**2/2 - 3*n + 1. Let x be (-63)/12 - (-1)/4. What is the remainder when 32 is divided by r(x)?
15
Let x = 16 - 9. Let n be (8/10)/(1/60). Suppose -h = -b - 16, 0 = -5*h - 4*b + 5 + n. What is the remainder when h is divided by x?
6
Let v(z) = -z - 2. Let f be v(3). Calculate the remainder when 1/(-5) - 96/f is divided by 11.
8
Let p(d) = -d**2 - 12. Let q be p(0). Suppose 2*x - 10 = 20. Calculate the remainder when (43/(-2))/(6/q) is divided by x.
13
Let w be 30/7 + 2/(-7). Suppose 2*i + 0*i = k + 82, 5*i = -w*k + 231. Let m = -3 - -18. What is the remainder when i is divided by m?
13
Let a = -45 + -3. Let h = a + 84. Suppose 0 = -2*t + 5*t - h. What is the remainder when t is divided by 7?
5
Let y = -19 + 48. Calculate the remainder when y is divided by 16.
13
Let u = 1 - -2. Suppose 5*y = u*w - 20, 36 = 2*w + y + 1. Calculate the remainder when 29 is divided by w.
14
Let a = 8 + -11. Calculate the remainder when a/((-101)/(-52) + -2) is divided by 18.
16
Let h(f) = 12*f**2 + 10*f - 7. Let w = 18 - -11. Calculate the remainder when w is divided by h(1).
14
Let a = -33 - -80. What is the remainder when a is divided by 25?
22
What is the remainder when 50 is divided by 9/(-3) - (0 - 21)?
14
Suppose 4*v - 16 - 41 = 3*f, -3*f = -v + 21. Suppose -3*m = 3*h + 27, 2*m = 5*h - 4 + 28. Let r(b) = -7*b - 8. What is the remainder when r(h) is divided by v?
10
Let j(x) be the second derivative of x**5/20 + x**4/4 + x**3/6 - x**2/2 + x. Suppose 5*g + 0*g = 5. Calculate the remainder when j(-2) is divided by g.
0
Let j = -93 - -118. What is the remainder when 224 is divided by j?
24
Suppose 5*q - 35 = -5*n, 9*n - 13*n = 2*q - 8. Let c be 47/3 + 2/6. Suppose 4*t = 4*f - 1 - 31, -3*t - c = -f. What is the remainder when q is divided by f?
2
Let f(p) = -21*p**2 - p. Let z be f(1). Suppose 2*j - 63 = -j. What is the remainder when j is divided by z/6*(4 + -7)?
10
Let r(p) = p - 1. Suppose -2*u + 0*u - y + 5 = 0, 3*u + 2*y = 9. Suppose 3*l - u = 5. Calculate the remainder when r(3) is divided by l.
0
Suppose 8 = -3*y - r - 5, 4*y = -r - 19. Let s(x) = x**2 + 6*x - 3*x + 2*x - 3. Calculate the remainder when 8 is divided by s(y).
2
Let c(d) = d**2 + d + 14. Suppose 0 = -2*m - 4, -3*f = m - 3*m - 4. Let y be c(f). What is the remainder when (-5 + y)/(-1 - -2) is divided by 5?
4
Suppose 2*h + 3*z - 10 = 0, 2*h = 3*z - 2 - 0. What is the remainder when 5 is divided by h?
1
Let i = -1 + 6. Let j be 3/2*(-4)/(-3). Suppose r = i, -j*r = -t + 3*t - 28. What is the remainder when 25 is divided by t?
7
Let o(c) = -16*c - 9. Calculate the remainder when o(-3) is divided by 16.
7
Let u be (-1)/6 - (-17019)/54. Suppose -u = 2*b - 5*b. Suppose 0 = 5*w - 0*w - b. Calculate the remainder when 61 is divided by w.
19
Let s be 1 - (-10)/(2 + 0). Let a = s - -4. Calculate the remainder when 27 is divided by a.
7
Let r(c) = -16*c + 1. Suppose -20 = 4*q - 72. What is the remainder when r(-3) is divided by q?
10
Suppose 0 = -7*k + 3*k + 76. Let u = -55 - -111. Calculate the remainder when u is divided by k.
18
Calculate the remainder when 179 is divided by (13/(-1))/(3 + -4).
10
Let y be 30/(-8) + (-6)/24. Let q(b) = b**2 - 3*b - 4. What is the remainder when 71 is divided by q(y)?
23
Let d = -7 - -7. Suppose 0 = -d*z - 4*z + 40. Calculate the remainder when 17 is divided by z.
7
Suppose 4*w = w + 12. Suppose -w + 13 = x. Calculate the remainder when x is divided by 4.
1
Calculate the remainder when (4 + 3/(-1))/(3/123) is divided by 21.
20
Let j = -6 + 9. Suppose -j = -b + 7. What is the remainder when (-18 - 0/1)/(-1) is divided by b?
8
Suppose -3*d - 10 = 20. Let q(b) = b**2 + 8*b - 8. Let f = -6 + 28. What is the remainder when f is divided by q(d)?
10
Let w(l) = l**3 - 1. Let h(o) = 5*o**3 - 7*o**2 - 6*o - 14. Let r(x) = -h(x) + 6*w(x). Suppose 5*d - 9 = 6. Calculate the remainder when r(-6) is divided by d.
2
Let y = 7 - 4. Let d(g) = 2*g. Calculate the remainder when y is divided by d(1).
1
Let p = 10 - -11. Suppose p = 5*u - 2*u. What is the remainder when (-158)/(-8) + 2/8 is divided by u?
6
Let u(p) = 3*p - 5 + 4 + p**2 - 5 + 3. What is the remainder when u(7) is divided by 23?
21
Let g = -47 + 112. Let z(w) = w**3 - 2*w**2 - 5*w + 5. What is the remainder when g is divided by z(4)?
14
Let h = -18 - -23. Calculate the remainder when (2/h)/((-4)/(-80)) is divided by 3.
2
Let k(q) = q + 1. Let b(n) = 3*n - 2. Let l = 1 - -1. What is the remainder when b(l) is divided by k(1)?
0
Let o = -7 + 11. What is the remainder when 2/(3/42*4) is divided by o?
3
Suppose s - 45 = -2*a, -3*a = -5*s - 49 - 12. Calculate the remainder when a is divided by 48/(-32)*(0 - 8).
10
Let g(s) = 1 - s + 10 - 2. Let d be g(0). Calculate the remainder when (50/(-6))/((-3)/d) is divided by 9.
7
Let q = -8 - -11. Suppose -5*a - q*p = -19, 13 = -a - p + 6*p. What is the remainder when 11 is divided by (-11 + a)*4/(-6)?
5
Let p(w) = 4*w**2 - 12*w + 8. What is the remainder when p(4) is divided by 10?
4
Suppose -3*t - t = -12. Suppose 3*v - 2*v - 1 = 0. Let h = t - v. What is the remainder when 4 is divided by h?
0
Suppose -16*h + 10*h = -120. What is the remainder when h is divided by 7?
6
Let s(c) be the first derivative of -c**3/3 + 11*c**2/2 - 3*c - 2. Calculate 